**2 + 10*l + 5. Let q(r) be the second derivative of -5*r**3/6 - 5*r**2 + r. Calculate the remainder when q(-10) is divided by i(9).
12
Suppose -2792 = -4*s + 4*i, -2*s - 2*i - i = -1386. Let r = s + -244. Calculate the remainder when r/16 + (-1)/4 is divided by 10.
8
Let i = -10 - -11. What is the remainder when 3/((-3)/(-37)) - -2 is divided by (i - -27)*2/4?
11
Suppose -260 = -2*q - 2*k, 4*k - 262 = -0*q - 2*q. Let v = q - 73. What is the remainder when v is divided by 19?
18
Let c be -9 - 1*(-1 + 0). Let i be (0 - 1)/(2/c). Suppose -5*x + w + 59 = 0, -5 - 22 = -x + i*w. What is the remainder when 21 is divided by x?
10
Let s(f) = f**2 + 4*f - 3. Let z = 0 - -7. Let b(x) = x**3 - 5*x**2 - 6*x - 3. What is the remainder when b(z) is divided by s(-7)?
17
Suppose 0 = 7*i - 109 - 80. What is the remainder when i is divided by 5?
2
Let w(m) = 3*m + 1. Let y be w(1). Suppose -y*s + 30 = d + d, -4*d + 54 = 5*s. What is the remainder when 30 is divided by d?
8
Let m = -12 - -19. Suppose -3*k - 5 = 2*w, 4*k = 2*w - 4*w - 8. Suppose 4*u = r + 8, -4*r + w*u + 31 + 7 = 0. Calculate the remainder when r is divided by m.
5
Suppose -8*j = -17*j + 63. What is the remainder when 41 is divided by j?
6
Let v = 120 + -63. What is the remainder when v is divided by 20?
17
Let t(l) = 5*l + 10. Let m be t(-9). Let w = -21 - m. What is the remainder when 41 is divided by w?
13
Suppose -6*c + 190 = -c. Suppose -r + 5*l - 68 = -5*r, -4*l = -r + c. What is the remainder when 42 is divided by r?
20
Suppose -3*z - 3 = -4*z. Suppose 0 = 2*q - 5*j - 24, 19 - 1 = 2*q - 2*j. Calculate the remainder when q is divided by z.
1
Let i be (-537)/(-3) + 2 + 1. Suppose 52 = 2*c + i. Let a = 99 + c. Calculate the remainder when a is divided by 12.
10
What is the remainder when 55 is divided by ((-28)/10)/(1/(-5))?
13
Let s = 10 + -16. Let b = -1 - s. Suppose -2*a = -3*g + 52, -4*g - g - b*a + 120 = 0. What is the remainder when g is divided by 11?
9
Let a(k) = -k**3 - 12*k**2 - 20*k + 12. Calculate the remainder when 35 is divided by a(-10).
11
Let a(b) = b**2 + 5*b + 3. Suppose 2*f = 5*g - 10, 4*f + 20 = -2*g + 4*g. Let i = -7 - g. What is the remainder when 49 is divided by a(i)?
15
Suppose -3*h = -3 - 0. Suppose -y = -22 - h. What is the remainder when y is divided by 12?
11
Let r = 14 + -9. Let s(u) = 9*u**3 - 2*u**2 + 2*u - 1. Let k = -3 + 4. What is the remainder when s(k) is divided by r?
3
Let k be (-14 + 2)/((-4)/6). Suppose -6 = i - k. What is the remainder when 23 is divided by i?
11
Let s(n) = -n**2 - 4*n - 1. Let j be s(-5). Calculate the remainder when 30 is divided by (-52)/j + (-2)/3.
6
Let b = 231 + -405. Let z = -96 - b. What is the remainder when z is divided by 20?
18
Calculate the remainder when 51 is divided by (-14)/4*-5 + 3/6.
15
Let c be 15/6 + 2/4. Suppose c*m + 5 = 89. What is the remainder when m is divided by 112/11 - (-6)/(-33)?
8
Let t(s) = s - 5. What is the remainder when t(7) is divided by 1?
0
Let n(o) = o**3 + 6*o**2 + 5*o + 6. Calculate the remainder when n(-4) is divided by 10.
8
Let a(v) = -8*v + 4 + 6 - 9*v**2 + v**3 + 1 + 2*v**2. Let q = -29 - -50. Calculate the remainder when q is divided by a(8).
10
Let n(h) = -3*h**3 - 2*h**2 + h + 2. Let v be n(-2). Suppose -3*u - v = -5*s, -2*s - 3*u + 5 + 14 = 0. What is the remainder when 12 is divided by s?
2
Suppose 0 = -2*h - 0*h + 14. Let p = h - 3. Suppose p*l - 1 = n - 4, 0 = 2*l - 2. Calculate the remainder when n is divided by 4.
3
Let x be 3 + (0 - (-24)/4). Calculate the remainder when 2*((1 - -1) + 2) is divided by 1*x*(-5)/(-15).
2
Suppose 23*k - 255 = 6*k. Calculate the remainder when k is divided by 3.
0
Let a = -50 + 76. What is the remainder when 232/3 - 2/6 is divided by a?
25
Suppose -40 + 0 = -2*j. Let i = j - 6. Calculate the remainder when 2/(-5)*-1*65 is divided by i.
12
Let b = -17 - -7. Calculate the remainder when 34 is divided by (-4)/b + (-232)/(-20).
10
Let r = -9 + 21. What is the remainder when 4/r + (-87)/(-9) is divided by 6?
4
Suppose 2*h - 10 = 5*k, 0*k = -k + 3*h - 15. Let j(f) = -f + 7. Let i be j(k). Let n = i + -4. What is the remainder when 7 is divided by n?
1
Let q be 4/(-18) + (-87)/(-27). Suppose -25 = -q*k - 7. What is the remainder when 11 is divided by k?
5
Suppose 4*t + o = 6*o + 123, -3*o = -2*t + 61. What is the remainder when 123 is divided by t?
27
Let k = -115 - -214. Calculate the remainder when k is divided by 20.
19
Suppose 0 = -c - c - 670. Let y be (-3)/(-3) - (1 + c). Calculate the remainder when 3/(-4) - y/(-20) is divided by 9.
7
Let w = 105 + -102. What is the remainder when 27 is divided by w?
0
Let b = -25 + 52. Calculate the remainder when 78 is divided by b.
24
Suppose 0 = -4*h + 5*x - 20, x = 3*x + 8. Calculate the remainder when 1/(6/(-15))*h is divided by 9.
7
Let a(q) = q**3 + 6*q**2 - 5*q - 6. Let t be a(-6). Let j = t - 7. What is the remainder when j is divided by 9?
8
Suppose 3*l - 23 = -l + 5*g, -3*g - 9 = 0. Let h be (-3 + 0)/(l - 1). What is the remainder when (4/10)/(h/(-120)) is divided by 9?
7
Suppose -q - 120 = -6*q. Suppose 3*j - q = -j. Calculate the remainder when ((-78)/4)/(j/(-8)) is divided by 9.
8
Suppose -3*q = -5*q + 52. Suppose 4 - 80 = -o. Calculate the remainder when o is divided by q.
24
Let z(x) = -2*x + 12. What is the remainder when 23 is divided by z(2)?
7
Let p(i) = -i**3 - 9*i**2 + 8*i - 12. What is the remainder when 21 is divided by p(-10)?
5
Let b(y) = 4*y - 1. Let z(t) = -t**2 - 7*t + 9. Let x be z(-8). Let d = x + 11. What is the remainder when b(6) is divided by d?
11
Let q be 1*(0 - 2 - -7). Suppose 2*u + 52 = q*b + 3*u, 3*b + 4*u = 38. Suppose 4*x = b + 2. What is the remainder when 7 is divided by x?
1
Suppose -3*i - 108 + 477 = 0. What is the remainder when i is divided by 25?
23
Let f(y) = y**3 + 10*y**2 + 7*y. Let o be f(-9). Let t = -7 + o. Calculate the remainder when t is divided by 4.
3
Let g be (4/10)/((-1)/(-5)). Let o(z) = -z + 7. Let u be o(5). Suppose 36 = u*p + g*p. Calculate the remainder when p is divided by 5.
4
Suppose -3*t + 63 - 9 = 0. Calculate the remainder when 35 is divided by t.
17
Let f = -68 - -109. What is the remainder when 162 is divided by f?
39
Let i = 12 - -22. Suppose 0 = -8*q + 9*q - 2. Suppose 12 = q*a - 24. What is the remainder when i is divided by a?
16
Let t = -37 + 40. Calculate the remainder when 11 is divided by t.
2
Let k = -37 + 43. What is the remainder when k is divided by 5?
1
Suppose -2*w = 2*y - 92, -5*y - 2*w + 237 = -4*w. What is the remainder when 186 is divided by y?
45
Let t = -2 - -18. Suppose 0 = w - 0 - 2. Suppose 0*j + 12 = w*j. What is the remainder when t is divided by j?
4
Suppose 4*m = 3*g - 104, 4*g - 5*m - 134 = 4. What is the remainder when g is divided by 11?
10
Let h = -11 - -16. Suppose -2*k = h*s - 20, 0*k - 4 = -s + 2*k. Suppose -6*t + 2*t + 36 = 4*u, -s*t + 76 = -4*u. What is the remainder when t is divided by 8?
6
Suppose 4*q + 12 = 4. Suppose -3*g = 2*r - 20, -2*g + 31 = 5*r - 4*g. Calculate the remainder when (20/(-6))/(q/12) is divided by r.
6
Let j(g) = -g**2 + 16*g + 3. What is the remainder when 10 is divided by j(16)?
1
Let i(m) = 2*m + 2. Suppose 8*b - 32 = 6*b. What is the remainder when b is divided by i(2)?
4
Suppose 36 = -5*b - 4*q, 3*b + 3*q = 2 - 23. Let t = 2 - b. Suppose s + 3*s - 76 = 0. What is the remainder when s is divided by t?
9
What is the remainder when ((-48)/(-27) - 2) + 2874/54 is divided by 29?
24
Let w be 6/(-2 - 14/(-4)). Suppose -w = -2*d - 0. Suppose 37 - 5 = d*v. What is the remainder when v is divided by 6?
4
Let k(s) = 4*s**2 + 4*s + 1. Let n be k(-4). Let f = n - 31. Calculate the remainder when f is divided by 10.
8
Suppose -4*m - 4 + 5 = -3*c, 0 = -c + m. What is the remainder when 1 is divided by c?
0
Let x be (0 + 29)*(3 - 2). Let i = 48 - x. Suppose -4*n - 35 = -9*n. Calculate the remainder when i is divided by n.
5
Suppose -115 = -8*h + 3*h. Calculate the remainder when h is divided by (-3 - -1)*-1 - -10.
11
Let t = -35 - -40. Suppose 54 = -0*v + 3*v. What is the remainder when v is divided by t?
3
Let t(k) = -k**3 - 3*k**2 - k - 1. Let b be t(-3). Calculate the remainder when 6/4*52/3 is divided by (-24)/(-20)*15/b.
8
Suppose 5*z - 5*n = 65, 3*z - 5*n - 34 = -3*n. Let s = z - 